{"id":1762,"date":"2010-10-06T02:28:28","date_gmt":"2010-10-06T06:28:28","guid":{"rendered":"http:\/\/www.primariacorbi.com\/?page_id=1762"},"modified":"2016-02-26T10:19:56","modified_gmt":"2016-02-26T08:19:56","slug":"sport-din-corbi-arges","status":"publish","type":"page","link":"https:\/\/www.primariacorbi.com\/?page_id=1762","title":{"rendered":"SPORT IN CORBI &#8211; ARGES"},"content":{"rendered":"<p>Dup\u0103 o pauz\u0103 de aproximativ dou\u0103 luni \u015fi jum\u0103tate, duminica 28.02.2016 , de la ora 11.00, campionatele de fotbal organizate de AJF Arge\u015f se reiau.<br \/>\nAS Ciofr\u00e2ngeni se va deplasa duminic\u0103 la Corbi. \u00cencerc\u0103m s\u0103 dep\u0103\u015fim emo\u0163iile inerente ale primului meci oficial al anului, \u00eens\u0103 avem \u00eencredere c\u0103 b\u0103ie\u0163ii vor face o partid\u0103 mare. Sper\u0103m c\u0103 spectatorii vor asista la un spectacol agreabil&#8221;.<br \/>\n<a href=\"http:\/\/www.primariacorbi.com\/?attachment_id=6752\" rel=\"attachment wp-att-6752\"><img loading=\"lazy\" decoding=\"async\" class=\"aligncenter wp-image-6752\" src=\"http:\/\/www.primariacorbi.com\/wp-content\/uploads\/2016\/02\/sporting-stanesti.jpg\" alt=\"sporting stanesti\" width=\"516\" height=\"387\" srcset=\"https:\/\/www.primariacorbi.com\/wp-content\/uploads\/2016\/02\/sporting-stanesti.jpg 3648w, https:\/\/www.primariacorbi.com\/wp-content\/uploads\/2016\/02\/sporting-stanesti-300x225.jpg 300w, https:\/\/www.primariacorbi.com\/wp-content\/uploads\/2016\/02\/sporting-stanesti-768x576.jpg 768w, https:\/\/www.primariacorbi.com\/wp-content\/uploads\/2016\/02\/sporting-stanesti-1024x768.jpg 1024w, https:\/\/www.primariacorbi.com\/wp-content\/uploads\/2016\/02\/sporting-stanesti-160x120.jpg 160w\" sizes=\"auto, (max-width: 516px) 100vw, 516px\" \/><\/a><br \/>\nCelelalte meciuri ale rundei cu num\u0103rul 16 sunt urm\u0103toarele: Deportivo M\u0103lureni &#8211; Voin\u0163a Budeasa; Petrom Pite\u015fti &#8211; \u015ecoala de Fotbal Gic\u0103 Retevoiescu M\u0103r\u0103cineni; AS B\u0103icule\u015fti &#8211; Progresul Retevoie\u015fti; AS Mu\u015f\u0103te\u015fti &#8211; AS Dr\u0103ganu; FC D\u0103nu\u0163 Coman &#8211; Voin\u0163a Valea Ia\u015fului \u015fi \u015eoimii Tigveni &#8211; CS Domne\u015fti.<br \/>\nClasamentul arat\u0103 astfel: 1. AS Ciofr\u00e2ngeni 37 p; 2. FC D\u0103nu\u0163 Coman 37 p; 3. AS B\u0103icule\u015fti 35 p; 4. Voin\u0163a Budeasa 26 p; 5. CS Domne\u015fti 26 p; 6. Sporting St\u0103ne\u015fti Corbi 24 p; 7. AS Dr\u0103ganu 24 p; 8. \u015ecoala de Fotbal Gic\u0103 Retevoiescu M\u0103r\u0103cineni 22 p; 9. \u015eoimii Tigveni 18 p; 10. Petrom Pite\u015fti 16 p; 11. AS Mu\u015f\u0103te\u015fti 16 p; 12. Deportivo M\u0103lureni 12 p; 13. Progresul Retevoie\u015fti 10 p; 14. Voin\u0163a Valea Ia\u015fului 0 p.<\/p>\n","protected":false},"excerpt":{"rendered":"<p>Dup\u0103 o pauz\u0103 de aproximativ dou\u0103 luni \u015fi jum\u0103tate, duminica 28.02.2016 , de la ora 11.00, campionatele de fotbal organizate de AJF Arge\u015f se reiau.<br \/>\nAS Ciofr\u00e2ngeni se va deplasa duminic\u0103 la Corbi. \u00cencerc\u0103m s\u0103 dep\u0103\u015fim emo\u0163iile inerente ale primului meci oficial al anului, \u00eens\u0103 avem \u00eencredere c\u0103 b\u0103ie\u0163ii vor face o partid\u0103 mare. Sper\u0103m c\u0103 [&#8230;]<\/p>\n","protected":false},"author":1,"featured_media":0,"parent":0,"menu_order":0,"comment_status":"open","ping_status":"open","template":"","meta":{"_monsterinsights_skip_tracking":false,"_monsterinsights_sitenote_active":false,"_monsterinsights_sitenote_note":"","_monsterinsights_sitenote_category":0,"footnotes":""},"class_list":["post-1762","page","type-page","status-publish","hentry"],"aioseo_notices":[],"_links":{"self":[{"href":"https:\/\/www.primariacorbi.com\/index.php?rest_route=\/wp\/v2\/pages\/1762","targetHints":{"allow":["GET"]}}],"collection":[{"href":"https:\/\/www.primariacorbi.com\/index.php?rest_route=\/wp\/v2\/pages"}],"about":[{"href":"https:\/\/www.primariacorbi.com\/index.php?rest_route=\/wp\/v2\/types\/page"}],"author":[{"embeddable":true,"href":"https:\/\/www.primariacorbi.com\/index.php?rest_route=\/wp\/v2\/users\/1"}],"replies":[{"embeddable":true,"href":"https:\/\/www.primariacorbi.com\/index.php?rest_route=%2Fwp%2Fv2%2Fcomments&post=1762"}],"version-history":[{"count":34,"href":"https:\/\/www.primariacorbi.com\/index.php?rest_route=\/wp\/v2\/pages\/1762\/revisions"}],"predecessor-version":[{"id":6756,"href":"https:\/\/www.primariacorbi.com\/index.php?rest_route=\/wp\/v2\/pages\/1762\/revisions\/6756"}],"wp:attachment":[{"href":"https:\/\/www.primariacorbi.com\/index.php?rest_route=%2Fwp%2Fv2%2Fmedia&parent=1762"}],"curies":[{"name":"wp","href":"https:\/\/api.w.org\/{rel}","templated":true}]}}